{"id":136,"date":"2014-03-23T14:51:45","date_gmt":"2014-03-23T13:51:45","guid":{"rendered":"http:\/\/reklama.dlalodzi.info\/?page_id=2"},"modified":"2014-05-10T16:27:02","modified_gmt":"2014-05-10T14:27:02","slug":"manifest","status":"publish","type":"page","link":"https:\/\/przestrzen.dlalodzi.info\/?page_id=136","title":{"rendered":"Manifest"},"content":{"rendered":"<p style=\"text-align: justify;\">Agresywna reklama zewn\u0119trzna degraduje przestrze\u0144 publiczn\u0105, b\u0119d\u0105c przejawem triumfu interes\u00f3w prywatnych nad interesem publicznym. Brak skutecznych narz\u0119dzi prawnych nie mo\u017ce by\u0107 argumentem dla zaprzestania podejmowania jakichkolwiek dzia\u0142a\u0144 w tej sprawie.<\/p>\n<p style=\"text-align: justify;\">Dlatego domagamy si\u0119:<\/p>\n<p style=\"text-align: justify;\">1.\u00a0Przyj\u0119cia przez Rad\u0119 Miejsk\u0105 w \u0141odzi polityki reklamowej, kt\u00f3ra ustali zasady eksponowania no\u015bnik\u00f3w reklamy wizualnej na terenie miasta i b\u0119dzie podstaw\u0105 do podejmowania przez w\u0142adze \u0141odzi kolejnych dzia\u0142a\u0144 i decyzji. W przysz\u0142o\u015bci, gdy prawo umo\u017cliwi gminom ustanawianie zasad eksponowania reklamy w drodze aktu prawa miejscowego, polityka reklamowa stanie si\u0119 podstaw\u0105 tego prawa.<\/p>\n<p style=\"text-align: justify;\">2.\u00a0Ustalenia w strukturze Urz\u0119du Miasta \u0141odzi jednostki odpowiedzialnej za kompleksowe analizowanie problematyki reklamy w mie\u015bcie oraz podejmowanie dzia\u0142a\u0144 w celu realizacji polityki reklamowej.<\/p>\n<p style=\"text-align: justify;\">3. Zobowi\u0105zania podmiot\u00f3w publicznych podleg\u0142ych Prezydentowi Miasta \u0141odzi (zarz\u0105dcy dr\u00f3g, szk\u00f3\u0142, o\u015brodk\u00f3w kultury itd.) do przestrzegania przyj\u0119tej polityki reklamowej, a tak\u017ce do powstrzymywania si\u0119 od naruszania prawa (plan\u00f3w miejscowych) oraz od wywieszania reklam wielkoformatowych.<\/p>\n<p style=\"text-align: justify;\">4.\u00a0Egzekwowania przez Powiatowego Inspektora Nadzoru Budowlanego w \u0141odzi obowi\u0105zku likwidacji samowoli budowlanych &#8211; reklam wielkoformatowych. Dzia\u0142ania takie prowadzi pozna\u0144ski PINB \u2013 powinny by\u0107 one traktowane jako gotowy do skopiowania wz\u00f3r.<\/p>\n<p style=\"text-align: justify;\">5.\u00a0Egzekwowania przez Prezydenta Miasta \u0141odzi od w\u0142a\u015bcicieli nieruchomo\u015bci postanowie\u0144 obowi\u0105zuj\u0105cych plan\u00f3w miejscowych, okre\u015blaj\u0105cych zasady eksponowania reklam w przestrzeni publicznej. Obecnie, mimo obowi\u0105zywania plan\u00f3w miejscowych, zawarte w nich ustalenia dotycz\u0105ce reklamy masowo nie s\u0105 przestrzegane.<\/p>\n","protected":false},"excerpt":{"rendered":"<p>Agresywna reklama zewn\u0119trzna degraduje przestrze\u0144 publiczn\u0105, b\u0119d\u0105c przejawem triumfu interes\u00f3w prywatnych nad interesem publicznym. Brak skutecznych narz\u0119dzi prawnych nie mo\u017ce by\u0107 argumentem dla zaprzestania podejmowania jakichkolwiek dzia\u0142a\u0144 w tej sprawie. Dlatego domagamy si\u0119: 1.\u00a0Przyj\u0119cia przez Rad\u0119 Miejsk\u0105 w \u0141odzi polityki reklamowej, kt\u00f3ra ustali zasady eksponowania no\u015bnik\u00f3w reklamy wizualnej na terenie miasta i b\u0119dzie podstaw\u0105 do [&hellip;]<\/p>\n","protected":false},"author":1,"featured_media":0,"parent":0,"menu_order":1,"comment_status":"closed","ping_status":"closed","template":"","meta":{"ngg_post_thumbnail":0},"yoast_head":"<!-- This site is optimized with the Yoast SEO plugin v15.9 - https:\/\/yoast.com\/wordpress\/plugins\/seo\/ -->\n<meta name=\"robots\" content=\"index, follow, max-snippet:-1, max-image-preview:large, max-video-preview:-1\" \/>\n<link rel=\"canonical\" href=\"https:\/\/przestrzen.dlalodzi.info\/?page_id=136\" \/>\n<meta property=\"og:locale\" content=\"pl_PL\" \/>\n<meta property=\"og:type\" content=\"article\" \/>\n<meta property=\"og:title\" content=\"Manifest - Przestrze\u0144 dla \u0141odzi\" \/>\n<meta property=\"og:description\" content=\"Agresywna reklama zewn\u0119trzna degraduje przestrze\u0144 publiczn\u0105, b\u0119d\u0105c przejawem triumfu interes\u00f3w prywatnych nad interesem publicznym. Brak skutecznych narz\u0119dzi prawnych nie mo\u017ce by\u0107 argumentem dla zaprzestania podejmowania jakichkolwiek dzia\u0142a\u0144 w tej sprawie. Dlatego domagamy si\u0119: 1.\u00a0Przyj\u0119cia przez Rad\u0119 Miejsk\u0105 w \u0141odzi polityki reklamowej, kt\u00f3ra ustali zasady eksponowania no\u015bnik\u00f3w reklamy wizualnej na terenie miasta i b\u0119dzie podstaw\u0105 do [&hellip;]\" \/>\n<meta property=\"og:url\" content=\"https:\/\/przestrzen.dlalodzi.info\/?page_id=136\" \/>\n<meta property=\"og:site_name\" content=\"Przestrze\u0144 dla \u0141odzi\" \/>\n<meta property=\"article:modified_time\" content=\"2014-05-10T14:27:02+00:00\" \/>\n<meta name=\"twitter:card\" content=\"summary_large_image\" \/>\n<meta name=\"twitter:label1\" content=\"Est. reading time\">\n\t<meta name=\"twitter:data1\" content=\"1 minuta\">\n<script type=\"application\/ld+json\" class=\"yoast-schema-graph\">{\"@context\":\"https:\/\/schema.org\",\"@graph\":[{\"@type\":\"WebSite\",\"@id\":\"https:\/\/przestrzen.dlalodzi.info\/#website\",\"url\":\"https:\/\/przestrzen.dlalodzi.info\/\",\"name\":\"Przestrze\\u0144 dla \\u0141odzi\",\"description\":\"inicjatywa uporz\\u0105dkowania chaosu reklamowego w \\u0142\\u00f3dzkiej przestrzeni publicznej\",\"potentialAction\":[{\"@type\":\"SearchAction\",\"target\":\"https:\/\/przestrzen.dlalodzi.info\/?s={search_term_string}\",\"query-input\":\"required name=search_term_string\"}],\"inLanguage\":\"pl-PL\"},{\"@type\":\"WebPage\",\"@id\":\"https:\/\/przestrzen.dlalodzi.info\/?page_id=136#webpage\",\"url\":\"https:\/\/przestrzen.dlalodzi.info\/?page_id=136\",\"name\":\"Manifest - Przestrze\\u0144 dla \\u0141odzi\",\"isPartOf\":{\"@id\":\"https:\/\/przestrzen.dlalodzi.info\/#website\"},\"datePublished\":\"2014-03-23T13:51:45+00:00\",\"dateModified\":\"2014-05-10T14:27:02+00:00\",\"breadcrumb\":{\"@id\":\"https:\/\/przestrzen.dlalodzi.info\/?page_id=136#breadcrumb\"},\"inLanguage\":\"pl-PL\",\"potentialAction\":[{\"@type\":\"ReadAction\",\"target\":[\"https:\/\/przestrzen.dlalodzi.info\/?page_id=136\"]}]},{\"@type\":\"BreadcrumbList\",\"@id\":\"https:\/\/przestrzen.dlalodzi.info\/?page_id=136#breadcrumb\",\"itemListElement\":[{\"@type\":\"ListItem\",\"position\":1,\"item\":{\"@type\":\"WebPage\",\"@id\":\"https:\/\/przestrzen.dlalodzi.info\/\",\"url\":\"https:\/\/przestrzen.dlalodzi.info\/\",\"name\":\"Strona g\\u0142\\u00f3wna\"}},{\"@type\":\"ListItem\",\"position\":2,\"item\":{\"@type\":\"WebPage\",\"@id\":\"https:\/\/przestrzen.dlalodzi.info\/?page_id=136\",\"url\":\"https:\/\/przestrzen.dlalodzi.info\/?page_id=136\",\"name\":\"Manifest\"}}]}]}<\/script>\n<!-- \/ Yoast SEO plugin. -->","_links":{"self":[{"href":"https:\/\/przestrzen.dlalodzi.info\/index.php?rest_route=\/wp\/v2\/pages\/136"}],"collection":[{"href":"https:\/\/przestrzen.dlalodzi.info\/index.php?rest_route=\/wp\/v2\/pages"}],"about":[{"href":"https:\/\/przestrzen.dlalodzi.info\/index.php?rest_route=\/wp\/v2\/types\/page"}],"author":[{"embeddable":true,"href":"https:\/\/przestrzen.dlalodzi.info\/index.php?rest_route=\/wp\/v2\/users\/1"}],"replies":[{"embeddable":true,"href":"https:\/\/przestrzen.dlalodzi.info\/index.php?rest_route=%2Fwp%2Fv2%2Fcomments&post=136"}],"version-history":[{"count":3,"href":"https:\/\/przestrzen.dlalodzi.info\/index.php?rest_route=\/wp\/v2\/pages\/136\/revisions"}],"predecessor-version":[{"id":347,"href":"https:\/\/przestrzen.dlalodzi.info\/index.php?rest_route=\/wp\/v2\/pages\/136\/revisions\/347"}],"wp:attachment":[{"href":"https:\/\/przestrzen.dlalodzi.info\/index.php?rest_route=%2Fwp%2Fv2%2Fmedia&parent=136"}],"curies":[{"name":"wp","href":"https:\/\/api.w.org\/{rel}","templated":true}]}}