{"id":60,"date":"2014-03-24T07:01:07","date_gmt":"2014-03-24T06:01:07","guid":{"rendered":"http:\/\/reklama.dlalodzi.info\/?page_id=60"},"modified":"2014-03-24T07:01:07","modified_gmt":"2014-03-24T06:01:07","slug":"akty-prawne","status":"publish","type":"page","link":"https:\/\/przestrzen.dlalodzi.info\/?page_id=60","title":{"rendered":"Akty prawne"},"content":{"rendered":"<p><strong>Teksty obowi\u0105zuj\u0105cych akt\u00f3w prawnych<\/strong> (aktualne na dzie\u0144 24.03.2014):<\/p>\n<ul>\n<li style=\"text-align: justify;\"><a href=\"https:\/\/przestrzen.dlalodzi.info\/wp-content\/uploads\/2014\/03\/upzp1.pdf\" target=\"_blank\">Ustawa z dnia 27 marca 2003 r. o planowaniu i zagospodarowaniu przestrzennym<\/a><\/li>\n<li style=\"text-align: justify;\"><a href=\"https:\/\/przestrzen.dlalodzi.info\/wp-content\/uploads\/2014\/03\/Pb1.pdf\" target=\"_blank\">Ustawa z dnia 7 lipca 1994 r. &#8211; Prawo budowlane<\/a><\/li>\n<li style=\"text-align: justify;\"><a href=\"https:\/\/przestrzen.dlalodzi.info\/wp-content\/uploads\/2014\/03\/udp1.pdf\" target=\"_blank\">Ustawa z dnia 21 marca 1985 r. o drogach publicznych<\/a><\/li>\n<li style=\"text-align: justify;\"><a href=\"https:\/\/przestrzen.dlalodzi.info\/wp-content\/uploads\/2014\/03\/uozioz1.pdf\" target=\"_blank\">Ustawa z dnia 23 lipca 2003 r. o ochronie zabytk\u00f3w i opiece nad zabytkami<\/a><\/li>\n<li style=\"text-align: justify;\"><a href=\"https:\/\/przestrzen.dlalodzi.info\/wp-content\/uploads\/2014\/03\/Kw1.pdf\" target=\"_blank\">Ustawa z dnia 20 maja 1971 r. &#8211; Kodeks wykrocze\u0144<\/a><\/li>\n<\/ul>\n<p><strong>Projekty ustaw<\/strong>:<\/p>\n<ul>\n<li style=\"text-align: justify;\"><a href=\"http:\/\/orka.sejm.gov.pl\/Druki7ka.nsf\/0\/E0EC31AF25E44523C1257BA4002A90F4\/%24File\/1525.pdf\" target=\"_blank\">Ustawa o zmianie niekt\u00f3rych ustaw w zwi\u0105zku ze wzmocnieniem narz\u0119dzi ochrony krajobrazu<\/a> (projekt prezydencki skierowany do Sejmu w dniu 28.06.2013)<\/li>\n<\/ul>\n","protected":false},"excerpt":{"rendered":"<p>Teksty obowi\u0105zuj\u0105cych akt\u00f3w prawnych (aktualne na dzie\u0144 24.03.2014): Ustawa z dnia 27 marca 2003 r. o planowaniu i zagospodarowaniu przestrzennym Ustawa z dnia 7 lipca 1994 r. &#8211; Prawo budowlane Ustawa z dnia 21 marca 1985 r. o drogach publicznych Ustawa z dnia 23 lipca 2003 r. o ochronie zabytk\u00f3w i opiece nad zabytkami Ustawa [&hellip;]<\/p>\n","protected":false},"author":1,"featured_media":0,"parent":7,"menu_order":6,"comment_status":"open","ping_status":"closed","template":"","meta":{"ngg_post_thumbnail":0},"yoast_head":"<!-- This site is optimized with the Yoast SEO plugin v15.9 - https:\/\/yoast.com\/wordpress\/plugins\/seo\/ -->\n<meta name=\"robots\" content=\"index, follow, max-snippet:-1, max-image-preview:large, max-video-preview:-1\" \/>\n<link rel=\"canonical\" href=\"https:\/\/przestrzen.dlalodzi.info\/?page_id=60\" \/>\n<meta property=\"og:locale\" content=\"pl_PL\" \/>\n<meta property=\"og:type\" content=\"article\" \/>\n<meta property=\"og:title\" content=\"Akty prawne - Przestrze\u0144 dla \u0141odzi\" \/>\n<meta property=\"og:description\" content=\"Teksty obowi\u0105zuj\u0105cych akt\u00f3w prawnych (aktualne na dzie\u0144 24.03.2014): Ustawa z dnia 27 marca 2003 r. o planowaniu i zagospodarowaniu przestrzennym Ustawa z dnia 7 lipca 1994 r. &#8211; Prawo budowlane Ustawa z dnia 21 marca 1985 r. o drogach publicznych Ustawa z dnia 23 lipca 2003 r. o ochronie zabytk\u00f3w i opiece nad zabytkami Ustawa [&hellip;]\" \/>\n<meta property=\"og:url\" content=\"https:\/\/przestrzen.dlalodzi.info\/?page_id=60\" \/>\n<meta property=\"og:site_name\" content=\"Przestrze\u0144 dla \u0141odzi\" \/>\n<meta name=\"twitter:card\" content=\"summary_large_image\" \/>\n<script type=\"application\/ld+json\" class=\"yoast-schema-graph\">{\"@context\":\"https:\/\/schema.org\",\"@graph\":[{\"@type\":\"WebSite\",\"@id\":\"https:\/\/przestrzen.dlalodzi.info\/#website\",\"url\":\"https:\/\/przestrzen.dlalodzi.info\/\",\"name\":\"Przestrze\\u0144 dla \\u0141odzi\",\"description\":\"inicjatywa uporz\\u0105dkowania chaosu reklamowego w \\u0142\\u00f3dzkiej przestrzeni publicznej\",\"potentialAction\":[{\"@type\":\"SearchAction\",\"target\":\"https:\/\/przestrzen.dlalodzi.info\/?s={search_term_string}\",\"query-input\":\"required name=search_term_string\"}],\"inLanguage\":\"pl-PL\"},{\"@type\":\"WebPage\",\"@id\":\"https:\/\/przestrzen.dlalodzi.info\/?page_id=60#webpage\",\"url\":\"https:\/\/przestrzen.dlalodzi.info\/?page_id=60\",\"name\":\"Akty prawne - Przestrze\\u0144 dla \\u0141odzi\",\"isPartOf\":{\"@id\":\"https:\/\/przestrzen.dlalodzi.info\/#website\"},\"datePublished\":\"2014-03-24T06:01:07+00:00\",\"dateModified\":\"2014-03-24T06:01:07+00:00\",\"breadcrumb\":{\"@id\":\"https:\/\/przestrzen.dlalodzi.info\/?page_id=60#breadcrumb\"},\"inLanguage\":\"pl-PL\",\"potentialAction\":[{\"@type\":\"ReadAction\",\"target\":[\"https:\/\/przestrzen.dlalodzi.info\/?page_id=60\"]}]},{\"@type\":\"BreadcrumbList\",\"@id\":\"https:\/\/przestrzen.dlalodzi.info\/?page_id=60#breadcrumb\",\"itemListElement\":[{\"@type\":\"ListItem\",\"position\":1,\"item\":{\"@type\":\"WebPage\",\"@id\":\"https:\/\/przestrzen.dlalodzi.info\/\",\"url\":\"https:\/\/przestrzen.dlalodzi.info\/\",\"name\":\"Strona g\\u0142\\u00f3wna\"}},{\"@type\":\"ListItem\",\"position\":2,\"item\":{\"@type\":\"WebPage\",\"@id\":\"https:\/\/przestrzen.dlalodzi.info\/?page_id=7\",\"url\":\"https:\/\/przestrzen.dlalodzi.info\/?page_id=7\",\"name\":\"Prawo\"}},{\"@type\":\"ListItem\",\"position\":3,\"item\":{\"@type\":\"WebPage\",\"@id\":\"https:\/\/przestrzen.dlalodzi.info\/?page_id=60\",\"url\":\"https:\/\/przestrzen.dlalodzi.info\/?page_id=60\",\"name\":\"Akty prawne\"}}]}]}<\/script>\n<!-- \/ Yoast SEO plugin. -->","_links":{"self":[{"href":"https:\/\/przestrzen.dlalodzi.info\/index.php?rest_route=\/wp\/v2\/pages\/60"}],"collection":[{"href":"https:\/\/przestrzen.dlalodzi.info\/index.php?rest_route=\/wp\/v2\/pages"}],"about":[{"href":"https:\/\/przestrzen.dlalodzi.info\/index.php?rest_route=\/wp\/v2\/types\/page"}],"author":[{"embeddable":true,"href":"https:\/\/przestrzen.dlalodzi.info\/index.php?rest_route=\/wp\/v2\/users\/1"}],"replies":[{"embeddable":true,"href":"https:\/\/przestrzen.dlalodzi.info\/index.php?rest_route=%2Fwp%2Fv2%2Fcomments&post=60"}],"version-history":[{"count":0,"href":"https:\/\/przestrzen.dlalodzi.info\/index.php?rest_route=\/wp\/v2\/pages\/60\/revisions"}],"up":[{"embeddable":true,"href":"https:\/\/przestrzen.dlalodzi.info\/index.php?rest_route=\/wp\/v2\/pages\/7"}],"wp:attachment":[{"href":"https:\/\/przestrzen.dlalodzi.info\/index.php?rest_route=%2Fwp%2Fv2%2Fmedia&parent=60"}],"curies":[{"name":"wp","href":"https:\/\/api.w.org\/{rel}","templated":true}]}}